{"id":109,"date":"2014-04-10T17:44:06","date_gmt":"2014-04-10T15:44:06","guid":{"rendered":"http:\/\/www.eckstein-sommer.de\/?page_id=109"},"modified":"2014-04-29T17:07:28","modified_gmt":"2014-04-29T15:07:28","slug":"gartengestaltung","status":"publish","type":"page","link":"http:\/\/www.eckstein-sommer.de\/?page_id=109","title":{"rendered":"Gartengestaltung"},"content":{"rendered":"<p>Sie tr\u00e4umen von einer Ver\u00e4nderung in Ihrem Garten?<br \/>\nMit uns wird dieser Traum Realit\u00e4t!<\/p>\n<p>Unser Ziel ist es, die M\u00f6glichkeiten und Herausforderungen eines Raumes stets optimal zu nutzen. Daher ist es uns wichtig, Ihre Vorstellungen und Anspr\u00fcche an Ihren Garten kennen zu lernen.<br \/>\nGern beraten wir Sie in einem pers\u00f6nlichen Gespr\u00e4ch vor Ort. Auf dieser Grundlage entwickeln wir eine individuelle und fundierte Planung, deren Umsetzung durch unser qualifiziertes Team erfolgt.<\/p>\n","protected":false},"excerpt":{"rendered":"<p>Sie tr\u00e4umen von einer Ver\u00e4nderung in Ihrem Garten? Mit uns wird dieser Traum Realit\u00e4t! Unser Ziel ist es, die M\u00f6glichkeiten und Herausforderungen eines Raumes stets optimal zu nutzen. Daher ist es uns wichtig, Ihre Vorstellungen und Anspr\u00fcche an Ihren Garten kennen zu lernen. Gern beraten wir Sie in einem pers\u00f6nlichen Gespr\u00e4ch vor Ort. Auf dieser [&hellip;]<\/p>\n","protected":false},"author":1,"featured_media":0,"parent":104,"menu_order":1,"comment_status":"closed","ping_status":"open","template":"","meta":[],"_links":{"self":[{"href":"http:\/\/www.eckstein-sommer.de\/index.php?rest_route=\/wp\/v2\/pages\/109"}],"collection":[{"href":"http:\/\/www.eckstein-sommer.de\/index.php?rest_route=\/wp\/v2\/pages"}],"about":[{"href":"http:\/\/www.eckstein-sommer.de\/index.php?rest_route=\/wp\/v2\/types\/page"}],"author":[{"embeddable":true,"href":"http:\/\/www.eckstein-sommer.de\/index.php?rest_route=\/wp\/v2\/users\/1"}],"replies":[{"embeddable":true,"href":"http:\/\/www.eckstein-sommer.de\/index.php?rest_route=%2Fwp%2Fv2%2Fcomments&post=109"}],"version-history":[{"count":2,"href":"http:\/\/www.eckstein-sommer.de\/index.php?rest_route=\/wp\/v2\/pages\/109\/revisions"}],"predecessor-version":[{"id":278,"href":"http:\/\/www.eckstein-sommer.de\/index.php?rest_route=\/wp\/v2\/pages\/109\/revisions\/278"}],"up":[{"embeddable":true,"href":"http:\/\/www.eckstein-sommer.de\/index.php?rest_route=\/wp\/v2\/pages\/104"}],"wp:attachment":[{"href":"http:\/\/www.eckstein-sommer.de\/index.php?rest_route=%2Fwp%2Fv2%2Fmedia&parent=109"}],"curies":[{"name":"wp","href":"https:\/\/api.w.org\/{rel}","templated":true}]}}

<p>Sie träumen von einer Veränderung in Ihrem Garten?<br />
Mit uns wird dieser Traum Realität!</p>
<p>Unser Ziel ist es, die Möglichkeiten und Herausforderungen eines Raumes stets optimal zu nutzen. Daher ist es uns wichtig, Ihre Vorstellungen und Ansprüche an Ihren Garten kennen zu lernen.<br />
Gern beraten wir Sie in einem persönlichen Gespräch vor Ort. Auf dieser Grundlage entwickeln wir eine individuelle und fundierte Planung, deren Umsetzung durch unser qualifiziertes Team erfolgt.</p>

<p>Sie träumen von einer Veränderung in Ihrem Garten? Mit uns wird dieser Traum Realität! Unser Ziel ist es, die Möglichkeiten und Herausforderungen eines Raumes stets optimal zu nutzen. Daher ist es uns wichtig, Ihre Vorstellungen und Ansprüche an Ihren Garten kennen zu lernen. Gern beraten wir Sie in einem persönlichen Gespräch vor Ort. Auf dieser [&hellip;]</p>
