{"id":71,"date":"2014-04-10T15:09:30","date_gmt":"2014-04-10T13:09:30","guid":{"rendered":"http:\/\/www.eckstein-sommer.de\/?page_id=71"},"modified":"2020-01-07T10:40:09","modified_gmt":"2020-01-07T08:40:09","slug":"geschichte","status":"publish","type":"page","link":"http:\/\/www.eckstein-sommer.de\/?page_id=71","title":{"rendered":"Geschichte"},"content":{"rendered":"<p>Im Fr\u00fchjahr 1989 gr\u00fcndet Horst Eckstein, selbst aus einer G\u00e4rtnerfamilie stammend, seinen eigenen Betrieb im Erwerbsgartenbau und f\u00fchrt damit die g\u00e4rtnerische Familientradition fort. Gemeinsam mit dem Baumschulisten und Landschaftsg\u00e4rtner Erich Sommer gr\u00fcndet er im Jahre 1990 die Eckstein &amp; Sommer GmbH.<\/p>\n<p>Aus einer Firma mit anf\u00e4nglich 3 Mitarbeitern hat sich im Laufe der Zeit ein solides Unternehmen mit bis zu 35 Mitarbeitern entwickelt. Neben den Arbeiten im Garten- und Landschaftsbau wird mit der Floristikwerkstatt eine breite Palette gr\u00fcner Dienstleistungen angeboten.<\/p>\n<p>Im Jahr 2005 zieht sich Erich Sommer aus Altersgr\u00fcnden aus dem Unternehmen zur\u00fcck.<\/p>\n<p>Nach 25 Jahren erfolgreicher Aufbauarbeit hat Herr Eckstein mit Eintritt in das Rentenalter im November 2015 die Gesch\u00e4ftsf\u00fchrung an die Kinder \u00fcbergeben.<\/p>\n<p>Seit 1.12.2015 sind seine Tochter Nadine Hampel und Schwiegersohn Holger Brandt die neuen Gesch\u00e4ftsf\u00fchrer der Firma Eckstein &amp; Sommer GmbH.<\/p>\n","protected":false},"excerpt":{"rendered":"<p>Im Fr\u00fchjahr 1989 gr\u00fcndet Horst Eckstein, selbst aus einer G\u00e4rtnerfamilie stammend, seinen eigenen Betrieb im Erwerbsgartenbau und f\u00fchrt damit die g\u00e4rtnerische Familientradition fort. Gemeinsam mit dem Baumschulisten und Landschaftsg\u00e4rtner Erich Sommer gr\u00fcndet er im Jahre 1990 die Eckstein &amp; Sommer GmbH. Aus einer Firma mit anf\u00e4nglich 3 Mitarbeitern hat sich im Laufe der Zeit ein [&hellip;]<\/p>\n","protected":false},"author":1,"featured_media":0,"parent":35,"menu_order":4,"comment_status":"closed","ping_status":"open","template":"","meta":[],"_links":{"self":[{"href":"http:\/\/www.eckstein-sommer.de\/index.php?rest_route=\/wp\/v2\/pages\/71"}],"collection":[{"href":"http:\/\/www.eckstein-sommer.de\/index.php?rest_route=\/wp\/v2\/pages"}],"about":[{"href":"http:\/\/www.eckstein-sommer.de\/index.php?rest_route=\/wp\/v2\/types\/page"}],"author":[{"embeddable":true,"href":"http:\/\/www.eckstein-sommer.de\/index.php?rest_route=\/wp\/v2\/users\/1"}],"replies":[{"embeddable":true,"href":"http:\/\/www.eckstein-sommer.de\/index.php?rest_route=%2Fwp%2Fv2%2Fcomments&post=71"}],"version-history":[{"count":5,"href":"http:\/\/www.eckstein-sommer.de\/index.php?rest_route=\/wp\/v2\/pages\/71\/revisions"}],"predecessor-version":[{"id":1046,"href":"http:\/\/www.eckstein-sommer.de\/index.php?rest_route=\/wp\/v2\/pages\/71\/revisions\/1046"}],"up":[{"embeddable":true,"href":"http:\/\/www.eckstein-sommer.de\/index.php?rest_route=\/wp\/v2\/pages\/35"}],"wp:attachment":[{"href":"http:\/\/www.eckstein-sommer.de\/index.php?rest_route=%2Fwp%2Fv2%2Fmedia&parent=71"}],"curies":[{"name":"wp","href":"https:\/\/api.w.org\/{rel}","templated":true}]}}