{"id":178,"date":"2014-04-11T08:16:42","date_gmt":"2014-04-11T06:16:42","guid":{"rendered":"http:\/\/www.eckstein-sommer.de\/?page_id=178"},"modified":"2016-07-14T11:42:14","modified_gmt":"2016-07-14T09:42:14","slug":"pflegearbeiten","status":"publish","type":"page","link":"https:\/\/www.eckstein-sommer.de\/?page_id=178","title":{"rendered":"Pflegearbeiten"},"content":{"rendered":"<p>Sie ben\u00f6tigen Unterst\u00fctzung bei der fachgerechten Pflege Ihres Grundst\u00fcckes?<br \/>\nWir k\u00f6nnen Ihnen sowohl bei der Unterhaltung der Au\u00dfenanlagen als auch bei der Pflege der Innenraumbegr\u00fcnung helfen bzw. die Arbeiten vollst\u00e4ndig f\u00fcr Sie \u00fcbernehmen.<\/p>\n<p>Unser Leistungsspektrum umfasst:<\/p>\n<ul>\n<li>Baum- und Geh\u00f6lzpflege<\/li>\n<li>Heckenschnitt<\/li>\n<li>Pflege von Pflanzfl\u00e4chen (z.B. S\u00e4ubern der Fl\u00e4chen, Schnittma\u00dfnahmen)<\/li>\n<li>Pflege von Rasenfl\u00e4chen (z.B. M\u00e4hen, D\u00fcngen, Vertikutieren)<\/li>\n<li>Pflege von Innenraumbegr\u00fcnungen<\/li>\n<li>Teichpflege, Wartung der Technik und Winterfestmachung<\/li>\n<li>Wartung der Bew\u00e4sserungstechnik und Winterfestmachung<\/li>\n<li>Fl\u00e4chenreinigung<\/li>\n<li>Winterdienst<\/li>\n<\/ul>\n","protected":false},"excerpt":{"rendered":"<p>Sie ben\u00f6tigen Unterst\u00fctzung bei der fachgerechten Pflege Ihres Grundst\u00fcckes? Wir k\u00f6nnen Ihnen sowohl bei der Unterhaltung der Au\u00dfenanlagen als auch bei der Pflege der Innenraumbegr\u00fcnung helfen bzw. die Arbeiten vollst\u00e4ndig f\u00fcr Sie \u00fcbernehmen. Unser Leistungsspektrum umfasst: Baum- und Geh\u00f6lzpflege Heckenschnitt Pflege von Pflanzfl\u00e4chen (z.B. S\u00e4ubern der Fl\u00e4chen, Schnittma\u00dfnahmen) Pflege von Rasenfl\u00e4chen (z.B. M\u00e4hen, D\u00fcngen, Vertikutieren) [&hellip;]<\/p>\n","protected":false},"author":1,"featured_media":0,"parent":159,"menu_order":3,"comment_status":"closed","ping_status":"open","template":"","meta":[],"_links":{"self":[{"href":"https:\/\/www.eckstein-sommer.de\/index.php?rest_route=\/wp\/v2\/pages\/178"}],"collection":[{"href":"https:\/\/www.eckstein-sommer.de\/index.php?rest_route=\/wp\/v2\/pages"}],"about":[{"href":"https:\/\/www.eckstein-sommer.de\/index.php?rest_route=\/wp\/v2\/types\/page"}],"author":[{"embeddable":true,"href":"https:\/\/www.eckstein-sommer.de\/index.php?rest_route=\/wp\/v2\/users\/1"}],"replies":[{"embeddable":true,"href":"https:\/\/www.eckstein-sommer.de\/index.php?rest_route=%2Fwp%2Fv2%2Fcomments&post=178"}],"version-history":[{"count":3,"href":"https:\/\/www.eckstein-sommer.de\/index.php?rest_route=\/wp\/v2\/pages\/178\/revisions"}],"predecessor-version":[{"id":659,"href":"https:\/\/www.eckstein-sommer.de\/index.php?rest_route=\/wp\/v2\/pages\/178\/revisions\/659"}],"up":[{"embeddable":true,"href":"https:\/\/www.eckstein-sommer.de\/index.php?rest_route=\/wp\/v2\/pages\/159"}],"wp:attachment":[{"href":"https:\/\/www.eckstein-sommer.de\/index.php?rest_route=%2Fwp%2Fv2%2Fmedia&parent=178"}],"curies":[{"name":"wp","href":"https:\/\/api.w.org\/{rel}","templated":true}]}}