{"id":212,"date":"2014-04-11T12:34:06","date_gmt":"2014-04-11T10:34:06","guid":{"rendered":"http:\/\/www.eckstein-sommer.de\/?page_id=212"},"modified":"2024-01-24T13:45:51","modified_gmt":"2024-01-24T11:45:51","slug":"blumenversand","status":"publish","type":"page","link":"https:\/\/www.eckstein-sommer.de\/?page_id=212","title":{"rendered":"Blumenversand"},"content":{"rendered":"<p><img loading=\"lazy\" class=\"alignright wp-image-480 size-medium\" src=\"http:\/\/www.eckstein-sommer.de\/wp-content\/uploads\/Blumenversand-225x300.jpg\" alt=\"\" width=\"225\" height=\"300\" srcset=\"https:\/\/www.eckstein-sommer.de\/wp-content\/uploads\/Blumenversand-225x300.jpg 225w, https:\/\/www.eckstein-sommer.de\/wp-content\/uploads\/Blumenversand-768x1024.jpg 768w, https:\/\/www.eckstein-sommer.de\/wp-content\/uploads\/Blumenversand-676x901.jpg 676w, https:\/\/www.eckstein-sommer.de\/wp-content\/uploads\/Blumenversand.jpg 960w\" sizes=\"(max-width: 225px) 100vw, 225px\" \/>Die von uns angefertigten Blumenstr\u00e4u\u00dfe versenden wir gern in Ihrem Namen \u00fcber unseren Paketservice.<\/p>\n","protected":false},"excerpt":{"rendered":"<p>Die von uns angefertigten Blumenstr\u00e4u\u00dfe versenden wir gern in Ihrem Namen \u00fcber unseren Paketservice.<\/p>\n","protected":false},"author":1,"featured_media":0,"parent":181,"menu_order":10,"comment_status":"closed","ping_status":"open","template":"","meta":[],"_links":{"self":[{"href":"https:\/\/www.eckstein-sommer.de\/index.php?rest_route=\/wp\/v2\/pages\/212"}],"collection":[{"href":"https:\/\/www.eckstein-sommer.de\/index.php?rest_route=\/wp\/v2\/pages"}],"about":[{"href":"https:\/\/www.eckstein-sommer.de\/index.php?rest_route=\/wp\/v2\/types\/page"}],"author":[{"embeddable":true,"href":"https:\/\/www.eckstein-sommer.de\/index.php?rest_route=\/wp\/v2\/users\/1"}],"replies":[{"embeddable":true,"href":"https:\/\/www.eckstein-sommer.de\/index.php?rest_route=%2Fwp%2Fv2%2Fcomments&post=212"}],"version-history":[{"count":12,"href":"https:\/\/www.eckstein-sommer.de\/index.php?rest_route=\/wp\/v2\/pages\/212\/revisions"}],"predecessor-version":[{"id":1103,"href":"https:\/\/www.eckstein-sommer.de\/index.php?rest_route=\/wp\/v2\/pages\/212\/revisions\/1103"}],"up":[{"embeddable":true,"href":"https:\/\/www.eckstein-sommer.de\/index.php?rest_route=\/wp\/v2\/pages\/181"}],"wp:attachment":[{"href":"https:\/\/www.eckstein-sommer.de\/index.php?rest_route=%2Fwp%2Fv2%2Fmedia&parent=212"}],"curies":[{"name":"wp","href":"https:\/\/api.w.org\/{rel}","templated":true}]}}

<p><img loading="lazy" class="alignright wp-image-480 size-medium" src="http://www.eckstein-sommer.de/wp-content/uploads/Blumenversand-225x300.jpg" alt="" width="225" height="300" srcset="https://www.eckstein-sommer.de/wp-content/uploads/Blumenversand-225x300.jpg 225w, https://www.eckstein-sommer.de/wp-content/uploads/Blumenversand-768x1024.jpg 768w, https://www.eckstein-sommer.de/wp-content/uploads/Blumenversand-676x901.jpg 676w, https://www.eckstein-sommer.de/wp-content/uploads/Blumenversand.jpg 960w" sizes="(max-width: 225px) 100vw, 225px" />Die von uns angefertigten Blumensträuße versenden wir gern in Ihrem Namen über unseren Paketservice.</p>

<p>Die von uns angefertigten Blumensträuße versenden wir gern in Ihrem Namen über unseren Paketservice.</p>
